2767342?
7
What is the millions digit of 175327553?
5
What is the hundred millions digit of 518487399?
5
What is the hundred thousands digit of 434873309?
8
What is the units digit of 5974661564?
4
What is the units digit of 33932376?
6
What is the ten millions digit of 17906171?
1
What is the hundred millions digit of 1753484990?
7
What is the units digit of 517445086?
6
What is the hundred thousands digit of 3198255185?
2
What is the hundreds digit of 71811658?
6
What is the millions digit of 16028737?
6
What is the hundreds digit of 115952158?
1
What is the thousands digit of 365220351?
0
What is the millions digit of 291375418?
1
What is the ten thousands digit of 1117080871?
8
What is the billions digit of 1030956677?
1
What is the ten thousands digit of 550637422?
3
What is the units digit of 1006791850?
0
What is the ten millions digit of 60931684?
6
What is the tens digit of 83375649?
4
What is the billions digit of 3835930520?
3
What is the hundred thousands digit of 43817561?
8
What is the tens digit of 25861292?
9
What is the billions digit of 3043965774?
3
What is the tens digit of 47309595?
9
What is the ten thousands digit of 97626492?
2
What is the tens digit of 969672438?
3
What is the hundreds digit of 6623356224?
2
What is the units digit of 109000251?
1
What is the thousands digit of 3477559?
7
What is the ten millions digit of 50794366?
5
What is the hundred thousands digit of 397282173?
2
What is the ten millions digit of 1877730559?
7
What is the ten millions digit of 391605809?
9
What is the hundred millions digit of 110037975?
1
What is the millions digit of 2284122?
2
What is the units digit of 4773300806?
6
What is the hundreds digit of 1096813663?
6
What is the hundred thousands digit of 5142471898?
4
What is the thousands digit of 23043318?
3
What is the millions digit of 138422703?
8
What is the hundreds digit of 4061969754?
7
What is the millions digit of 1286564416?
6
What is the hundreds digit of 127181261?
2
What is the units digit of 57052582?
2
What is the millions digit of 3762250841?
2
What is the millions digit of 322113089?
2
What is the units digit of 196975476?
6
What is the tens digit of 62349442?
4
What is the ten thousands digit of 2262685235?
8
What is the thousands digit of 1024062954?
2
What is the millions digit of 30790105?
0
What is the units digit of 45104262?
2
What is the hundred thousands digit of 2277466691?
4
What is the millions digit of 405424846?
5
What is the hundred thousands digit of 376548944?
5
What is the thousands digit of 59539216?
9
What is the hundreds digit of 1124985970?
9
What is the units digit of 402114091?
1
What is the hundred millions digit of 1570630382?
5
What is the hundred thousands digit of 12680083?
6
What is the ten thousands digit of 41626905?
2
What is the hundred thousands digit of 1183058092?
0
What is the ten millions digit of 56413051?
5
What is the hundred thousands digit of 44555356?
5
What is the ten thousands digit of 89118386?
1
What is the hundred thousands digit of 943296484?
2
What is the hundreds digit of 5916138988?
9
What is the ten thousands digit of 59663553?
6
What is the tens digit of 143794889?
8
What is the units digit of 7835010841?
1
What is the units digit of 50693790?
0
What is the hundred millions digit of 468078346?
4
What is the tens digit of 470077910?
1
What is the millions digit of 9056128?
9
What is the thousands digit of 1272784492?
4
What is the units digit of 87715987?
7
What is the hundreds digit of 96152373?
3
What is the hundred thousands digit of 284429739?
4
What is the hundreds digit of 669141087?
0
What is the hundreds digit of 27686706?
7
What is the hundreds digit of 91140588?
5
What is the tens digit of 283523134?
3
What is the tens digit of 4045543097?
9
What is the units digit of 145247466?
6
What is the millions digit of 8933944?
8
What is the hundreds digit of 3440948541?
5
What is the ten thousands digit of 8957541586?
4
What is the hundred millions digit of 219504939?
2
What is the hundreds digit of 662206326?
3
What is the units digit of 631302444?
4
What is the tens digit of 5096869224?
2
What is the hundred millions digit of 134701713?
1
What is the ten millions digit of 279245592?
7
What is the millions digit of 570729384?
0
What is the hundreds digit of 51114302?
3
What is the ten millions digit of 276069991?
7
What is the hundred thousands digit of 794719258?
7
What is the thousands digit of 158905299?
5
What is the units digit of 110570289?
9
What is the hundred thousands digit of 5495390?
4
What is the hundreds digit of 107401681?
6
What is the ten thousands digit of 28597934?
9
What is the tens digit of 301674528?
2
What is the millions digit of 469552898?
9
What is the tens digit of 118557444?
4
What is the thousands digit of 1590602200?
2
What is the hundreds digit of 137771116?
1
What is the tens digit of 17588114?
1
What is the tens digit of 160204579?
7
What is the units digit of 459376176?
6
What is the thousands digit of 2320388279?
8
What is the hundred thousands digit of 3024202098?
2
What is the ten thousands digit of 6573086?
7
What is the hundred thousands digit of 406375889?
3
What is the thousands digit of 70698?
0
What is the units digit of 3110168313?
3
What is the units digit of 69215829?
9
What is the thousands digit of 96725784?
5
What is the ten thousands digit of 3463169258?
6
What is the hundred thousands digit of 344900042?
9
What is the hundreds digit of 4233527495?
4
What is the ten thousands digit of 171579739?
7
What is the hundreds digit of 31492523?
5
What is the millions digit of 76705749?
6
What is the millions digit of 65685704?
5
What is the billions digit of 2540604334?
2
What is the ten millions digit of 3578537608?
7
What is the hundred thousands digit of 283751344?
7
What is the units digit of 48503767?
7
What is the hundred millions digit of 889451021?
8
What is the ten millions digit of 345507487?
4
What is the ten millions digit of 427443859?
2
What is the ten thousands digit of 939326180?
2
What is the tens digit of 1903486222?
2
What is the units digit of 203939441?
1
What is the hundred thousands digit of 1760193863?
1
What is the hundred thousands digit of 109456519?
4
What is the units digit of 1399322814?
4
What is the ten millions digit of 64544246?
6
What is the ten thousands digit of 299580630?
8
What is the ten thousands digit of 291868534?
6
What is the hundreds digit of 3147096?
0
What is the units digit of 16669387?
7
What is the hundred thousands digit of 1110463131?
4
What is the hundred thousands digit of 230436485?
4
What is the hundreds digit of 669957323?
3
What is the billions digit of 1342349654?
1
What is the thousands digit of 2424861745?
1
What is the ten thousands digit of 16113870?
1
What is the ten millions digit of 105133064?
0
What is the ten thousands digit of 274195254?
9
What is the thousands digit of 7979429105?
9
What is the hundred millions digit of 443381183?
4
What is the hundred thousands digit of 4245249?
2
What is the thousands digit of 4392101510?
1
What is the hundreds digit of 3253550449?
4
What is the millions digit of 122725937?
2
What is the millions digit of 223141516?
3
What is the ten thousands digit of 1960423488?
2
What is the units digit of 60741380?
0
What is the hundred millions digit of 421797681?
4
What is the tens digit of 751794146?
4
What is the tens digit of 569224704?
0
What is the ten millions digit of 862388876?
6
What is the hundreds digit of 89023669?
6
What is the thousands digit of 60712621?
2
What is the millions digit of 3084381?
3
What is the hundred millions digit of 1707098000?
7
What is the units digit of 20868827?
7
What is the millions digit of 391896435?
1
What is the hundreds digit of 517610929?
9
What is the hundreds digit of 44777264?
2
What is the hundred thousands digit of 31980205?
9
What is the units digit of 194852971?
1
What is the hundreds digit of 857825099?
0
What is the tens digit of 179610212?
1
What is the hundred millions digit of 161614136?
1
What is the millions digit of 371174887?
1
What is the units digit of 9250521964?
4
What is the hundred thousands digit of 421909658?
9
What is the hundred thousands digit of 72592441?
5
What is the hundred millions digit of 2